{"id":334,"date":"2023-05-23T09:35:36","date_gmt":"2023-05-23T07:35:36","guid":{"rendered":"http:\/\/podcast.muzeumleszno.pl\/wp-content\/uploads\/2023\/05\/18-MLJ-IP-30.jpg"},"modified":"2023-05-23T09:35:36","modified_gmt":"2023-05-23T07:35:36","slug":"list-leo-baecka-do-martina-rutza","status":"inherit","type":"attachment","link":"http:\/\/podcast.muzeumleszno.pl\/?attachment_id=334","title":{"rendered":"List Leo Baecka do Martina Rutza"},"author":3,"featured_media":0,"comment_status":"","ping_status":"closed","template":"","meta":[],"class_list":["post-334","attachment","type-attachment","status-inherit","hentry"],"description":{"rendered":"<p class=\"attachment\"><a href='http:\/\/podcast.muzeumleszno.pl\/wp-content\/uploads\/2023\/05\/18-MLJ-IP-30-scaled.jpg'><img fetchpriority=\"high\" decoding=\"async\" width=\"300\" height=\"300\" src=\"http:\/\/podcast.muzeumleszno.pl\/wp-content\/uploads\/2023\/05\/18-MLJ-IP-30-300x300.jpg\" class=\"attachment-medium size-medium\" alt=\"\" srcset=\"http:\/\/podcast.muzeumleszno.pl\/wp-content\/uploads\/2023\/05\/18-MLJ-IP-30-300x300.jpg 300w, http:\/\/podcast.muzeumleszno.pl\/wp-content\/uploads\/2023\/05\/18-MLJ-IP-30-1024x1024.jpg 1024w, http:\/\/podcast.muzeumleszno.pl\/wp-content\/uploads\/2023\/05\/18-MLJ-IP-30-150x150.jpg 150w, http:\/\/podcast.muzeumleszno.pl\/wp-content\/uploads\/2023\/05\/18-MLJ-IP-30-768x768.jpg 768w\" sizes=\"(max-width: 300px) 100vw, 300px\" \/><\/a><\/p>\n"},"caption":{"rendered":"<p>List rabina Leo Baecka do pastora Martina Rutza, zawieraj\u0105cy podzi\u0119kowania i potwierdzenie odbioru zeszytu &#8222;Posener Stimmen&#8221;. Pod tekstem odr\u0119czna adnotacja opisuj\u0105ca ostatni pobyt Leo Baecka w Lesznie. Przy g\u00f3rnej kraw\u0119dzi sucha piecz\u0119c, maszynopis. Pismo datowane: 3.11.1954.<\/p>\n"},"alt_text":"","media_type":"image","mime_type":"image\/jpeg","media_details":{"width":1934,"height":2560,"file":"2023\/05\/18-MLJ-IP-30-scaled.jpg","filesize":520745,"sizes":{"medium":{"file":"18-MLJ-IP-30-300x300.jpg","width":300,"height":300,"filesize":29694,"mime_type":"image\/jpeg","source_url":"http:\/\/podcast.muzeumleszno.pl\/wp-content\/uploads\/2023\/05\/18-MLJ-IP-30-300x300.jpg"},"large":{"file":"18-MLJ-IP-30-1024x1024.jpg","width":1024,"height":1024,"filesize":140484,"mime_type":"image\/jpeg","source_url":"http:\/\/podcast.muzeumleszno.pl\/wp-content\/uploads\/2023\/05\/18-MLJ-IP-30-1024x1024.jpg"},"thumbnail":{"file":"18-MLJ-IP-30-150x150.jpg","width":150,"height":150,"filesize":19701,"mime_type":"image\/jpeg","source_url":"http:\/\/podcast.muzeumleszno.pl\/wp-content\/uploads\/2023\/05\/18-MLJ-IP-30-150x150.jpg"},"medium_large":{"file":"18-MLJ-IP-30-768x768.jpg","width":768,"height":768,"filesize":91296,"mime_type":"image\/jpeg","source_url":"http:\/\/podcast.muzeumleszno.pl\/wp-content\/uploads\/2023\/05\/18-MLJ-IP-30-768x768.jpg"},"1536x1536":{"file":"18-MLJ-IP-30-1161x1536.jpg","width":1161,"height":1536,"filesize":195421,"mime_type":"image\/jpeg","source_url":"http:\/\/podcast.muzeumleszno.pl\/wp-content\/uploads\/2023\/05\/18-MLJ-IP-30-1161x1536.jpg"},"2048x2048":{"file":"18-MLJ-IP-30-1547x2048.jpg","width":1547,"height":2048,"filesize":331541,"mime_type":"image\/jpeg","source_url":"http:\/\/podcast.muzeumleszno.pl\/wp-content\/uploads\/2023\/05\/18-MLJ-IP-30-1547x2048.jpg"},"thumb-ilovewp-featured":{"file":"18-MLJ-IP-30-1400x600.jpg","width":1400,"height":600,"filesize":141954,"mime_type":"image\/jpeg","source_url":"http:\/\/podcast.muzeumleszno.pl\/wp-content\/uploads\/2023\/05\/18-MLJ-IP-30-1400x600.jpg"},"thumb-featured-page":{"file":"18-MLJ-IP-30-410x275.jpg","width":410,"height":275,"filesize":34239,"mime_type":"image\/jpeg","source_url":"http:\/\/podcast.muzeumleszno.pl\/wp-content\/uploads\/2023\/05\/18-MLJ-IP-30-410x275.jpg"},"post-thumbnail":{"file":"18-MLJ-IP-30-150x150.jpg","width":150,"height":150,"filesize":19701,"mime_type":"image\/jpeg","source_url":"http:\/\/podcast.muzeumleszno.pl\/wp-content\/uploads\/2023\/05\/18-MLJ-IP-30-150x150.jpg"},"full":{"file":"18-MLJ-IP-30-scaled.jpg","width":1934,"height":2560,"mime_type":"image\/jpeg","source_url":"http:\/\/podcast.muzeumleszno.pl\/wp-content\/uploads\/2023\/05\/18-MLJ-IP-30-scaled.jpg"}},"image_meta":{"aperture":"0","credit":"","camera":"Expression 12000XL","caption":"List rabina Leo Baecka do pastora Martina Rutza, zawieraj\u0105cy podzi\u0119kowania i potwierdzenie odbioru zeszytu \"Posener Stimmen\". Pod tekstem odr\u0119czna adnotacja opisuj\u0105ca ostatni pobyt Leo Baecka w Lesznie. Przy g\u00f3rnej kraw\u0119dzi sucha piecz\u0119c, maszynopis. Pismo datowane: 3.11.1954.","created_timestamp":"0","copyright":"","focal_length":"0","iso":"0","shutter_speed":"0","title":"List Leo Baecka do Martina Rutza","orientation":"0","keywords":["Leszno","Leo Baeck","Martin Rutz","XX w."]},"original_image":"18-MLJ-IP-30.jpg"},"post":314,"source_url":"http:\/\/podcast.muzeumleszno.pl\/wp-content\/uploads\/2023\/05\/18-MLJ-IP-30-scaled.jpg","_links":{"self":[{"href":"http:\/\/podcast.muzeumleszno.pl\/index.php?rest_route=\/wp\/v2\/media\/334","targetHints":{"allow":["GET"]}}],"collection":[{"href":"http:\/\/podcast.muzeumleszno.pl\/index.php?rest_route=\/wp\/v2\/media"}],"about":[{"href":"http:\/\/podcast.muzeumleszno.pl\/index.php?rest_route=\/wp\/v2\/types\/attachment"}],"author":[{"embeddable":true,"href":"http:\/\/podcast.muzeumleszno.pl\/index.php?rest_route=\/wp\/v2\/users\/3"}],"replies":[{"embeddable":true,"href":"http:\/\/podcast.muzeumleszno.pl\/index.php?rest_route=%2Fwp%2Fv2%2Fcomments&post=334"}],"wp:attached-to":[{"embeddable":true,"post_type":"post","id":314,"href":"http:\/\/podcast.muzeumleszno.pl\/index.php?rest_route=\/wp\/v2\/posts\/314"}],"curies":[{"name":"wp","href":"https:\/\/api.w.org\/{rel}","templated":true}]}}

<p>List rabina Leo Baecka do pastora Martina Rutza, zawierający podziękowania i potwierdzenie odbioru zeszytu &#8222;Posener Stimmen&#8221;. Pod tekstem odręczna adnotacja opisująca ostatni pobyt Leo Baecka w Lesznie. Przy górnej krawędzi sucha pieczęc, maszynopis. Pismo datowane: 3.11.1954.</p>

List rabina Leo Baecka do pastora Martina Rutza, zawierający podziękowania i potwierdzenie odbioru zeszytu "Posener Stimmen". Pod tekstem odręczna adnotacja opisująca ostatni pobyt Leo Baecka w Lesznie. Przy górnej krawędzi sucha pieczęc, maszynopis. Pismo datowane: 3.11.1954.
